{"id":28627,"date":"2017-10-26T16:21:29","date_gmt":"2017-10-26T14:21:29","guid":{"rendered":"http:\/\/www.allspots.com\/jo\/events\/?post_type=tribe_events&#038;p=28627"},"modified":"2017-10-26T16:21:29","modified_gmt":"2017-10-26T14:21:29","slug":"celebracion-del-dia-de-los-muertosday-of-the-dead-celebration","status":"publish","type":"tribe_events","link":"https:\/\/www.allspots.com\/jo\/events\/calendar\/celebracion-del-dia-de-los-muertosday-of-the-dead-celebration\/","title":{"rendered":"Celebraci\u00f3n del D\u00eda de los Muertos\/Day of the Dead Celebration"},"content":{"rendered":"<p style=\"text-align: center;\">Estimados amigos,<\/p>\n<p style=\"text-align: center;\">La Embajada de Mexico en Jordania tiene el honor de invitarlos a celebrar el d\u00eda de Muertos, el pr\u00f3ximo mi\u00e9rcoles 1 de noviembre de 2017 a las 18:00 horas, en el Instituto Cervantes de Am\u00e1n.<\/p>\n<p style=\"text-align: center;\">Este a\u00f1o, se exhibir\u00e1 un tradicional altar de muertos dedicado a tres mujeres mexicanas que tuvieron una destacada trayectoria en el mundo del cine mexicano.<\/p>\n<p style=\"text-align: center;\">Los esperamos.<br \/>\n_________________<br \/>\nDear friends,<\/p>\n<p style=\"text-align: center;\">The Embassy of Mexico in Jordan has the honor to invite you to celebrate the Day of the Dead in the Instituto Cervantes of Amman, on Wednesday 1 November 2017 at 6pm.<\/p>\n<p style=\"text-align: center;\">This year, the altar will be dedicated to three Mexican women with outstanding careers in the Mexican film industry.<\/p>\n<p style=\"text-align: center;\">RSVP +962 659 39972 Ext. 3016<br \/>\nmexicoenjordania@gmail.com<\/p>\n","protected":false},"excerpt":{"rendered":"<p>Estimados amigos, La Embajada de Mexico en Jordania tiene el honor de invitarlos a celebrar el d\u00eda de Muertos, el pr\u00f3ximo mi\u00e9rcoles 1 de noviembre de 2017 a las 18:00 horas, en el Instituto Cervantes de Am\u00e1n. Este a\u00f1o, se &hellip;<\/p>\n<p class=\"read-more\"> <a class=\"more-link\" href=\"https:\/\/www.allspots.com\/jo\/events\/calendar\/celebracion-del-dia-de-los-muertosday-of-the-dead-celebration\/\"> <span class=\"screen-reader-text\">Celebraci\u00f3n del D\u00eda de los Muertos\/Day of the Dead Celebration<\/span> Read More &raquo;<\/a><\/p>\n","protected":false},"author":1,"featured_media":28644,"comment_status":"open","ping_status":"closed","template":"","meta":[],"tags":[],"tribe_events_cat":[20],"_links":{"self":[{"href":"https:\/\/www.allspots.com\/jo\/events\/wp-json\/wp\/v2\/tribe_events\/28627"}],"collection":[{"href":"https:\/\/www.allspots.com\/jo\/events\/wp-json\/wp\/v2\/tribe_events"}],"about":[{"href":"https:\/\/www.allspots.com\/jo\/events\/wp-json\/wp\/v2\/types\/tribe_events"}],"author":[{"embeddable":true,"href":"https:\/\/www.allspots.com\/jo\/events\/wp-json\/wp\/v2\/users\/1"}],"replies":[{"embeddable":true,"href":"https:\/\/www.allspots.com\/jo\/events\/wp-json\/wp\/v2\/comments?post=28627"}],"version-history":[{"count":1,"href":"https:\/\/www.allspots.com\/jo\/events\/wp-json\/wp\/v2\/tribe_events\/28627\/revisions"}],"predecessor-version":[{"id":28645,"href":"https:\/\/www.allspots.com\/jo\/events\/wp-json\/wp\/v2\/tribe_events\/28627\/revisions\/28645"}],"wp:featuredmedia":[{"embeddable":true,"href":"https:\/\/www.allspots.com\/jo\/events\/wp-json\/wp\/v2\/media\/28644"}],"wp:attachment":[{"href":"https:\/\/www.allspots.com\/jo\/events\/wp-json\/wp\/v2\/media?parent=28627"}],"wp:term":[{"taxonomy":"post_tag","embeddable":true,"href":"https:\/\/www.allspots.com\/jo\/events\/wp-json\/wp\/v2\/tags?post=28627"},{"taxonomy":"tribe_events_cat","embeddable":true,"href":"https:\/\/www.allspots.com\/jo\/events\/wp-json\/wp\/v2\/tribe_events_cat?post=28627"}],"curies":[{"name":"wp","href":"https:\/\/api.w.org\/{rel}","templated":true}]}}

Celebración del Día de los Muertos/Day of the Dead Celebration

<p style="text-align: center;">Estimados amigos,</p>
<p style="text-align: center;">La Embajada de Mexico en Jordania tiene el honor de invitarlos a celebrar el día de Muertos, el próximo miércoles 1 de noviembre de 2017 a las 18:00 horas, en el Instituto Cervantes de Amán.</p>
<p style="text-align: center;">Este año, se exhibirá un tradicional altar de muertos dedicado a tres mujeres mexicanas que tuvieron una destacada trayectoria en el mundo del cine mexicano.</p>
<p style="text-align: center;">Los esperamos.<br />
_________________<br />
Dear friends,</p>
<p style="text-align: center;">The Embassy of Mexico in Jordan has the honor to invite you to celebrate the Day of the Dead in the Instituto Cervantes of Amman, on Wednesday 1 November 2017 at 6pm.</p>
<p style="text-align: center;">This year, the altar will be dedicated to three Mexican women with outstanding careers in the Mexican film industry.</p>
<p style="text-align: center;">RSVP +962 659 39972 Ext. 3016<br />
mexicoenjordania@gmail.com</p>

<p>Estimados amigos, La Embajada de Mexico en Jordania tiene el honor de invitarlos a celebrar el día de Muertos, el próximo miércoles 1 de noviembre de 2017 a las 18:00 horas, en el Instituto Cervantes de Amán. Este año, se &hellip;</p>
<p class="read-more"> <a class="more-link" href="https://www.allspots.com/jo/events/calendar/celebracion-del-dia-de-los-muertosday-of-the-dead-celebration/"> <span class="screen-reader-text">Celebración del Día de los Muertos/Day of the Dead Celebration</span> Read More &raquo;</a></p>
