{"id":20538,"date":"2017-04-29T17:59:24","date_gmt":"2017-04-29T15:59:24","guid":{"rendered":"http:\/\/www.allspots.com\/jo\/events\/?post_type=tribe_events&#038;p=20538"},"modified":"2017-04-29T17:59:24","modified_gmt":"2017-04-29T15:59:24","slug":"presentacion-del-libro-ponencias-seminario-la-alhambra","status":"publish","type":"tribe_events","link":"https:\/\/www.allspots.com\/jo\/events\/calendar\/presentacion-del-libro-ponencias-seminario-la-alhambra\/","title":{"rendered":"Presentaci\u00f3n del libro: Ponencias Seminario &#8220;La Alhambra&#8221;"},"content":{"rendered":"<p style=\"text-align: center;\">El pasado 30 de mayo de 2016 celebramos en Am\u00e1n el seminario sobre Caligraf\u00eda, poes\u00eda y \u200earquitectura. El libro-jard\u00edn de la Alhambra\u200f \u200fy el d\u00eda 7 de mayo de 2017 a las 18.00 horas \u200epresentaremos en el Instituto Cervantes de Am\u00e1n el libro que integra las ponencias.\u200e<\/p>\n<p style=\"text-align: center;\">Bajo el alto patrocinio de SAR la Princesa Wijdan Al Hashemi y con la colaboraci\u00f3n de la Asociaci\u00f3n de \u200eAmistad Hispano-Jordana y de la Fundaci\u00f3n Abdul Hameed Shoman, este acto nos permitir\u00e1 recordar \u200eaquella memorable y enriquecedora jornada \u00a1Os esperamos!\u200e<\/p>\n<p style=\"text-align: center;\">________________________________________<\/p>\n<p style=\"text-align: center;\">\u0628\u0631\u0639\u0627\u064a\u0629 \u0635\u0627\u062d\u0628\u0629 \u0627\u0644\u0633\u0645\u0648 \u0627\u0644\u0645\u0644\u0643\u064a \u0627\u0644\u0623\u0645\u064a\u0631\u0629 \u0648\u062c\u062f\u0627\u0646 \u0627\u0644\u0647\u0627\u0634\u0645\u064a \u0648\u0628\u0627\u0644\u062a\u0639\u0627\u0648\u0646 \u0645\u0639 \u062c\u0645\u0639\u064a\u0629 \u0627\u0644\u0635\u062f\u0627\u0642\u0629 \u0627\u0644\u0623\u0631\u062f\u0646\u064a\u0629-\u200f\u0627\u0644\u0625\u0633\u0628\u0627\u0646\u064a\u0629 \u0648\u0645\u0624\u0633\u0633\u0629 \u0639\u0628\u062f \u0627\u0644\u062d\u0645\u064a\u062f \u0634\u0648\u0645\u0627\u0646.\u200f<\/p>\n<p style=\"text-align: center;\">\u0644\u0627\u062d\u0642\u0627\u064b \u0644\u0644\u0646\u062f\u0648\u0629 \u0627\u0644\u062a\u064a \u0623\u0642\u064a\u0645\u062a \u0641\u064a \u0645\u0639\u0647\u062f \u062b\u0650\u0631\u0628\u0627\u0646\u062a\u0650\u0633 \u064a\u0648\u0645 30 \u0623\u064a\u0627\u0631 \u0645\u0646 \u0627\u0644\u0639\u0627\u0645 \u0627\u0644\u0645\u0627\u0636\u064a \u062d\u0648\u0644 &#8220;\u0627\u0644\u062e\u0637 \u0627\u0644\u0639\u0631\u0628\u064a\u060c \u200f\u0627\u0644\u0634\u0639\u0631 \u0648\u0627\u0644\u0647\u0646\u062f\u0633\u0629 \u0627\u0644\u0645\u0639\u0645\u0627\u0631\u064a\u0629: \u0627\u0644\u0643\u062a\u0627\u0628 &#8211; \u062d\u062f\u064a\u0642\u0629 \u0642\u0635\u0631 \u0627\u0644\u062d\u0645\u0631\u0627\u0621&#8221;\u060c \u0633\u062a\u0642\u0648\u0645 \u0627\u0644\u0633\u0641\u0627\u0631\u0629 \u0627\u0644\u0625\u0633\u0628\u0627\u0646\u064a\u0629 \u0648\u0645\u0639\u0647\u062f \u200f\u062b\u0650\u0631\u0628\u0627\u0646\u062a\u0650\u0633 \u0628\u062a\u0642\u062f\u064a\u0645 \u0627\u0644\u0643\u062a\u0627\u0628 \u0627\u0644\u0630\u064a \u064a\u062a\u0636\u0645\u0646 \u0643\u0627\u0641\u0629 \u0627\u0644\u0623\u0648\u0631\u0627\u0642 \u0627\u0644\u062a\u064a \u0642\u062f\u0645\u0647\u0627 \u0627\u0644\u0645\u062d\u0627\u0636\u0631\u0648\u0646 \u0627\u0644\u0630\u064a\u0646 \u0634\u0627\u0631\u0643\u0648\u0627 \u0628\u0627\u0644\u0646\u062f\u0648\u0629.\u200f<\/p>\n","protected":false},"excerpt":{"rendered":"<p>El pasado 30 de mayo de 2016 celebramos en Am\u00e1n el seminario sobre Caligraf\u00eda, poes\u00eda y \u200earquitectura. El libro-jard\u00edn de la Alhambra\u200f \u200fy el d\u00eda 7 de mayo de 2017 a las 18.00 horas \u200epresentaremos en el Instituto Cervantes de &hellip;<\/p>\n<p class=\"read-more\"> <a class=\"more-link\" href=\"https:\/\/www.allspots.com\/jo\/events\/calendar\/presentacion-del-libro-ponencias-seminario-la-alhambra\/\"> <span class=\"screen-reader-text\">Presentaci\u00f3n del libro: Ponencias Seminario &#8220;La Alhambra&#8221;<\/span> Read More &raquo;<\/a><\/p>\n","protected":false},"author":1,"featured_media":20539,"comment_status":"open","ping_status":"closed","template":"","meta":[],"tags":[],"tribe_events_cat":[40],"_links":{"self":[{"href":"https:\/\/www.allspots.com\/jo\/events\/wp-json\/wp\/v2\/tribe_events\/20538"}],"collection":[{"href":"https:\/\/www.allspots.com\/jo\/events\/wp-json\/wp\/v2\/tribe_events"}],"about":[{"href":"https:\/\/www.allspots.com\/jo\/events\/wp-json\/wp\/v2\/types\/tribe_events"}],"author":[{"embeddable":true,"href":"https:\/\/www.allspots.com\/jo\/events\/wp-json\/wp\/v2\/users\/1"}],"replies":[{"embeddable":true,"href":"https:\/\/www.allspots.com\/jo\/events\/wp-json\/wp\/v2\/comments?post=20538"}],"version-history":[{"count":1,"href":"https:\/\/www.allspots.com\/jo\/events\/wp-json\/wp\/v2\/tribe_events\/20538\/revisions"}],"predecessor-version":[{"id":20540,"href":"https:\/\/www.allspots.com\/jo\/events\/wp-json\/wp\/v2\/tribe_events\/20538\/revisions\/20540"}],"wp:featuredmedia":[{"embeddable":true,"href":"https:\/\/www.allspots.com\/jo\/events\/wp-json\/wp\/v2\/media\/20539"}],"wp:attachment":[{"href":"https:\/\/www.allspots.com\/jo\/events\/wp-json\/wp\/v2\/media?parent=20538"}],"wp:term":[{"taxonomy":"post_tag","embeddable":true,"href":"https:\/\/www.allspots.com\/jo\/events\/wp-json\/wp\/v2\/tags?post=20538"},{"taxonomy":"tribe_events_cat","embeddable":true,"href":"https:\/\/www.allspots.com\/jo\/events\/wp-json\/wp\/v2\/tribe_events_cat?post=20538"}],"curies":[{"name":"wp","href":"https:\/\/api.w.org\/{rel}","templated":true}]}}

Presentación del libro: Ponencias Seminario &#8220;La Alhambra&#8221;

<p style="text-align: center;">El pasado 30 de mayo de 2016 celebramos en Amán el seminario sobre Caligrafía, poesía y ‎arquitectura. El libro-jardín de la Alhambra‏ ‏y el día 7 de mayo de 2017 a las 18.00 horas ‎presentaremos en el Instituto Cervantes de Amán el libro que integra las ponencias.‎</p>
<p style="text-align: center;">Bajo el alto patrocinio de SAR la Princesa Wijdan Al Hashemi y con la colaboración de la Asociación de ‎Amistad Hispano-Jordana y de la Fundación Abdul Hameed Shoman, este acto nos permitirá recordar ‎aquella memorable y enriquecedora jornada ¡Os esperamos!‎</p>
<p style="text-align: center;">________________________________________</p>
<p style="text-align: center;">برعاية صاحبة السمو الملكي الأميرة وجدان الهاشمي وبالتعاون مع جمعية الصداقة الأردنية-‏الإسبانية ومؤسسة عبد الحميد شومان.‏</p>
<p style="text-align: center;">لاحقاً للندوة التي أقيمت في معهد ثِربانتِس يوم 30 أيار من العام الماضي حول &#8220;الخط العربي، ‏الشعر والهندسة المعمارية: الكتاب &#8211; حديقة قصر الحمراء&#8221;، ستقوم السفارة الإسبانية ومعهد ‏ثِربانتِس بتقديم الكتاب الذي يتضمن كافة الأوراق التي قدمها المحاضرون الذين شاركوا بالندوة.‏</p>

<p>El pasado 30 de mayo de 2016 celebramos en Amán el seminario sobre Caligrafía, poesía y ‎arquitectura. El libro-jardín de la Alhambra‏ ‏y el día 7 de mayo de 2017 a las 18.00 horas ‎presentaremos en el Instituto Cervantes de &hellip;</p>
<p class="read-more"> <a class="more-link" href="https://www.allspots.com/jo/events/calendar/presentacion-del-libro-ponencias-seminario-la-alhambra/"> <span class="screen-reader-text">Presentación del libro: Ponencias Seminario &#8220;La Alhambra&#8221;</span> Read More &raquo;</a></p>
