{"id":16496,"date":"2017-03-07T17:40:56","date_gmt":"2017-03-07T15:40:56","guid":{"rendered":"http:\/\/www.allspots.com\/jo\/events\/?post_type=tribe_events&#038;p=16496"},"modified":"2017-03-07T17:40:56","modified_gmt":"2017-03-07T15:40:56","slug":"labcitoyen-2017-call-for-applications-appel-a-candidatures","status":"publish","type":"tribe_events","link":"https:\/\/www.allspots.com\/jo\/events\/calendar\/labcitoyen-2017-call-for-applications-appel-a-candidatures\/","title":{"rendered":"LabCitoyen 2017 &#8211; call for applications \/ appel \u00e0 candidatures"},"content":{"rendered":"<p>LABCITOYEN 2017 PROGRAM &#8211; &#8220;HUMAN RIGHTS IN THE CITY&#8221;<\/p>\n<p>You are between 20 and 26 years old and speaking French? You are committed in civic actions at a local scale? Participate to the 2017 edition of LabCitoyen program and take part to a series of international lectures from the 2nd until the 10th of July 207 in Paris, France.<br \/>\nThis year, LabCitoyen is looking for people committed in the thematic focus of \u201cHuman Rights in the City\u201d.<\/p>\n<p>Deadline: April 1st<br \/>\nSend your application to: josephine.parenthou@ifjordan.com<\/p>\n<p>Learn more about it: http:\/\/ifjordan.com\/en\/1868-2\/<\/p>\n<p>PROGRAMME LABCITOYEN 2017 &#8211; &#8220;LES DROITS HUMAINS DANS LA VILLE&#8221;<\/p>\n<p>Vous avez entre 20 et 26 ans et vous parlez fran\u00e7ais ? Vous \u00eates engag\u00e9 dans des actions citoyennes \u00e0 l\u2019\u00e9chelon local ? Participez au programme LabCitoyen 2017 et prenez part \u00e0 un cycle de conf\u00e9rences internationales du 2 au 10 juillet 2017 \u00e0 Paris en France.<br \/>\nCette ann\u00e9e, le LabCitoyen recherche des personnes impliqu\u00e9es dans la th\u00e9matique des \u00ab Droits humains dans la Ville \u00bb.<\/p>\n<p>D\u00e9pot de candidature: jusqu&#8217;au 1er avril<br \/>\nEnvoyez votre candidature \u00e0 : josephine.parenthou@ifjordan.com<\/p>\n","protected":false},"excerpt":{"rendered":"<p>LABCITOYEN 2017 PROGRAM &#8211; &#8220;HUMAN RIGHTS IN THE CITY&#8221; You are between 20 and 26 years old and speaking French? You are committed in civic actions at a local scale? Participate to the 2017 edition of LabCitoyen program and take &hellip;<\/p>\n<p class=\"read-more\"> <a class=\"more-link\" href=\"https:\/\/www.allspots.com\/jo\/events\/calendar\/labcitoyen-2017-call-for-applications-appel-a-candidatures\/\"> <span class=\"screen-reader-text\">LabCitoyen 2017 &#8211; call for applications \/ appel \u00e0 candidatures<\/span> Read More &raquo;<\/a><\/p>\n","protected":false},"author":1,"featured_media":16497,"comment_status":"open","ping_status":"closed","template":"","meta":[],"tags":[],"tribe_events_cat":[40],"_links":{"self":[{"href":"https:\/\/www.allspots.com\/jo\/events\/wp-json\/wp\/v2\/tribe_events\/16496"}],"collection":[{"href":"https:\/\/www.allspots.com\/jo\/events\/wp-json\/wp\/v2\/tribe_events"}],"about":[{"href":"https:\/\/www.allspots.com\/jo\/events\/wp-json\/wp\/v2\/types\/tribe_events"}],"author":[{"embeddable":true,"href":"https:\/\/www.allspots.com\/jo\/events\/wp-json\/wp\/v2\/users\/1"}],"replies":[{"embeddable":true,"href":"https:\/\/www.allspots.com\/jo\/events\/wp-json\/wp\/v2\/comments?post=16496"}],"version-history":[{"count":1,"href":"https:\/\/www.allspots.com\/jo\/events\/wp-json\/wp\/v2\/tribe_events\/16496\/revisions"}],"predecessor-version":[{"id":16498,"href":"https:\/\/www.allspots.com\/jo\/events\/wp-json\/wp\/v2\/tribe_events\/16496\/revisions\/16498"}],"wp:featuredmedia":[{"embeddable":true,"href":"https:\/\/www.allspots.com\/jo\/events\/wp-json\/wp\/v2\/media\/16497"}],"wp:attachment":[{"href":"https:\/\/www.allspots.com\/jo\/events\/wp-json\/wp\/v2\/media?parent=16496"}],"wp:term":[{"taxonomy":"post_tag","embeddable":true,"href":"https:\/\/www.allspots.com\/jo\/events\/wp-json\/wp\/v2\/tags?post=16496"},{"taxonomy":"tribe_events_cat","embeddable":true,"href":"https:\/\/www.allspots.com\/jo\/events\/wp-json\/wp\/v2\/tribe_events_cat?post=16496"}],"curies":[{"name":"wp","href":"https:\/\/api.w.org\/{rel}","templated":true}]}}

LabCitoyen 2017 &#8211; call for applications / appel à candidatures

<p>LABCITOYEN 2017 PROGRAM &#8211; &#8220;HUMAN RIGHTS IN THE CITY&#8221;</p>
<p>You are between 20 and 26 years old and speaking French? You are committed in civic actions at a local scale? Participate to the 2017 edition of LabCitoyen program and take part to a series of international lectures from the 2nd until the 10th of July 207 in Paris, France.<br />
This year, LabCitoyen is looking for people committed in the thematic focus of “Human Rights in the City”.</p>
<p>Deadline: April 1st<br />
Send your application to: josephine.parenthou@ifjordan.com</p>
<p>Learn more about it: http://ifjordan.com/en/1868-2/</p>
<p>PROGRAMME LABCITOYEN 2017 &#8211; &#8220;LES DROITS HUMAINS DANS LA VILLE&#8221;</p>
<p>Vous avez entre 20 et 26 ans et vous parlez français ? Vous êtes engagé dans des actions citoyennes à l’échelon local ? Participez au programme LabCitoyen 2017 et prenez part à un cycle de conférences internationales du 2 au 10 juillet 2017 à Paris en France.<br />
Cette année, le LabCitoyen recherche des personnes impliquées dans la thématique des « Droits humains dans la Ville ».</p>
<p>Dépot de candidature: jusqu&#8217;au 1er avril<br />
Envoyez votre candidature à : josephine.parenthou@ifjordan.com</p>

<p>LABCITOYEN 2017 PROGRAM &#8211; &#8220;HUMAN RIGHTS IN THE CITY&#8221; You are between 20 and 26 years old and speaking French? You are committed in civic actions at a local scale? Participate to the 2017 edition of LabCitoyen program and take &hellip;</p>
<p class="read-more"> <a class="more-link" href="https://www.allspots.com/jo/events/calendar/labcitoyen-2017-call-for-applications-appel-a-candidatures/"> <span class="screen-reader-text">LabCitoyen 2017 &#8211; call for applications / appel à candidatures</span> Read More &raquo;</a></p>
