{"id":16490,"date":"2017-03-07T17:35:04","date_gmt":"2017-03-07T15:35:04","guid":{"rendered":"http:\/\/www.allspots.com\/jo\/events\/?post_type=tribe_events&#038;p=16490"},"modified":"2017-03-07T17:35:04","modified_gmt":"2017-03-07T15:35:04","slug":"conferencia-la-politica-exterior-de-mexico-hacia-medio-oriente","status":"publish","type":"tribe_events","link":"https:\/\/www.allspots.com\/jo\/events\/calendar\/conferencia-la-politica-exterior-de-mexico-hacia-medio-oriente\/","title":{"rendered":"Conferencia: La pol\u00edtica exterior de M\u00e9xico hacia Medio Oriente"},"content":{"rendered":"<p>Conferencia organizada por la Embajada de M\u00e9xico en Jordania en colaboraci\u00f3n con \u200eel Instituto Cervantes \u200e<\/p>\n<p>LA POL\u00cdTICA EXTERIOR DE M\u00c9XICO HACIA MEDIO ORIENTE<\/p>\n<p>a cargo del Embajador Jorge \u200eAlvarez Fuentes, Director General para \u00c1frica y Medio Oriente de la \u200eSecretar\u00eda de \u200eRelaciones Exteriores de M\u00e9xico<\/p>\n<p>La conferencia se pronunciar\u00e1 en espa\u00f1ol y contar\u00e1 con traducci\u00f3n simult\u00e1nea al \u200e\u00e1rabe<br \/>\n________________________________________<\/p>\n<p>Lecture organized by the Embassy of Mexico in Jordan in collaboration with \u200eInstituto Cervantes<\/p>\n<p>MEXICO&#8217;S FOREIGN POLICY TOWARDS THE MIDDLE EAST<\/p>\n<p>by Ambassador Jorge Alvarez Fuentes, \u200eDirector General for Africa and the Middle East of the \u200eMinistry of Foreign Affairs in \u200eMexico<\/p>\n<p>The lecture will be given in Spanish and will be simultaneously translated into Arabic<\/p>\n","protected":false},"excerpt":{"rendered":"<p>Conferencia organizada por la Embajada de M\u00e9xico en Jordania en colaboraci\u00f3n con \u200eel Instituto Cervantes \u200e LA POL\u00cdTICA EXTERIOR DE M\u00c9XICO HACIA MEDIO ORIENTE a cargo del Embajador Jorge \u200eAlvarez Fuentes, Director General para \u00c1frica y Medio Oriente de la &hellip;<\/p>\n<p class=\"read-more\"> <a class=\"more-link\" href=\"https:\/\/www.allspots.com\/jo\/events\/calendar\/conferencia-la-politica-exterior-de-mexico-hacia-medio-oriente\/\"> <span class=\"screen-reader-text\">Conferencia: La pol\u00edtica exterior de M\u00e9xico hacia Medio Oriente<\/span> Read More &raquo;<\/a><\/p>\n","protected":false},"author":1,"featured_media":16491,"comment_status":"open","ping_status":"closed","template":"","meta":[],"tags":[],"tribe_events_cat":[40],"_links":{"self":[{"href":"https:\/\/www.allspots.com\/jo\/events\/wp-json\/wp\/v2\/tribe_events\/16490"}],"collection":[{"href":"https:\/\/www.allspots.com\/jo\/events\/wp-json\/wp\/v2\/tribe_events"}],"about":[{"href":"https:\/\/www.allspots.com\/jo\/events\/wp-json\/wp\/v2\/types\/tribe_events"}],"author":[{"embeddable":true,"href":"https:\/\/www.allspots.com\/jo\/events\/wp-json\/wp\/v2\/users\/1"}],"replies":[{"embeddable":true,"href":"https:\/\/www.allspots.com\/jo\/events\/wp-json\/wp\/v2\/comments?post=16490"}],"version-history":[{"count":1,"href":"https:\/\/www.allspots.com\/jo\/events\/wp-json\/wp\/v2\/tribe_events\/16490\/revisions"}],"predecessor-version":[{"id":16492,"href":"https:\/\/www.allspots.com\/jo\/events\/wp-json\/wp\/v2\/tribe_events\/16490\/revisions\/16492"}],"wp:featuredmedia":[{"embeddable":true,"href":"https:\/\/www.allspots.com\/jo\/events\/wp-json\/wp\/v2\/media\/16491"}],"wp:attachment":[{"href":"https:\/\/www.allspots.com\/jo\/events\/wp-json\/wp\/v2\/media?parent=16490"}],"wp:term":[{"taxonomy":"post_tag","embeddable":true,"href":"https:\/\/www.allspots.com\/jo\/events\/wp-json\/wp\/v2\/tags?post=16490"},{"taxonomy":"tribe_events_cat","embeddable":true,"href":"https:\/\/www.allspots.com\/jo\/events\/wp-json\/wp\/v2\/tribe_events_cat?post=16490"}],"curies":[{"name":"wp","href":"https:\/\/api.w.org\/{rel}","templated":true}]}}

Conferencia: La política exterior de México hacia Medio Oriente

<p>Conferencia organizada por la Embajada de México en Jordania en colaboración con ‎el Instituto Cervantes ‎</p>
<p>LA POLÍTICA EXTERIOR DE MÉXICO HACIA MEDIO ORIENTE</p>
<p>a cargo del Embajador Jorge ‎Alvarez Fuentes, Director General para África y Medio Oriente de la ‎Secretaría de ‎Relaciones Exteriores de México</p>
<p>La conferencia se pronunciará en español y contará con traducción simultánea al ‎árabe<br />
________________________________________</p>
<p>Lecture organized by the Embassy of Mexico in Jordan in collaboration with ‎Instituto Cervantes</p>
<p>MEXICO&#8217;S FOREIGN POLICY TOWARDS THE MIDDLE EAST</p>
<p>by Ambassador Jorge Alvarez Fuentes, ‎Director General for Africa and the Middle East of the ‎Ministry of Foreign Affairs in ‎Mexico</p>
<p>The lecture will be given in Spanish and will be simultaneously translated into Arabic</p>

<p>Conferencia organizada por la Embajada de México en Jordania en colaboración con ‎el Instituto Cervantes ‎ LA POLÍTICA EXTERIOR DE MÉXICO HACIA MEDIO ORIENTE a cargo del Embajador Jorge ‎Alvarez Fuentes, Director General para África y Medio Oriente de la &hellip;</p>
<p class="read-more"> <a class="more-link" href="https://www.allspots.com/jo/events/calendar/conferencia-la-politica-exterior-de-mexico-hacia-medio-oriente/"> <span class="screen-reader-text">Conferencia: La política exterior de México hacia Medio Oriente</span> Read More &raquo;</a></p>
